ime?
False
Is 72251 a prime number?
True
Is 76731 a composite number?
True
Is 1655 composite?
True
Is 633767 prime?
True
Is 168977 a prime number?
True
Is 5787515 a prime number?
False
Is 5067511 a prime number?
True
Is 100447 prime?
True
Is 207229 prime?
False
Is 336179 a prime number?
False
Is 252683 composite?
True
Is 6997 composite?
False
Is 2843449 composite?
True
Is 42797 a composite number?
False
Is 84914 composite?
True
Is 125306 a composite number?
True
Is 296461 a prime number?
False
Is 1262719 composite?
True
Is 159539 a composite number?
False
Is 55691 prime?
True
Is 64937 composite?
False
Is 433759 composite?
False
Is 91958 a composite number?
True
Is 1211359 prime?
False
Is 851741 prime?
False
Is 1031 composite?
False
Is 11683 prime?
False
Is 37781 composite?
False
Is 224239 prime?
True
Is 404945 composite?
True
Is 83869 a prime number?
True
Is 552547 composite?
True
Is 141227 a prime number?
False
Is 16783 prime?
False
Is 10313 prime?
True
Is 5227 a prime number?
True
Is 19531 composite?
False
Is 15055 composite?
True
Is 72583 a composite number?
True
Is 159529 a composite number?
True
Is 67241 composite?
True
Is 4387 composite?
True
Is 2005 composite?
True
Is 126913 prime?
True
Is 248041 a composite number?
False
Is 120617 prime?
False
Is 3313 prime?
True
Is 5371 prime?
False
Is 3093793 prime?
False
Is 939089 prime?
True
Is 2333 prime?
True
Is 114997 a composite number?
False
Is 3271 prime?
True
Is 11851 prime?
False
Is 1306 composite?
True
Is 150989 a prime number?
True
Is 18499 composite?
True
Is 588847 a prime number?
False
Is 3491 a composite number?
False
Is 15661 a composite number?
False
Is 41351 prime?
True
Is 2081 prime?
True
Is 68699 a prime number?
True
Is 2062937 a composite number?
False
Is 29123 a composite number?
False
Is 1166773 composite?
False
Is 25813 a composite number?
True
Is 75079 a prime number?
True
Is 357473 composite?
False
Is 677 prime?
True
Is 164809 composite?
False
Is 76913 a composite number?
False
Is 23105 prime?
False
Is 34781 a composite number?
False
Is 756527 prime?
True
Is 40567 a prime number?
False
Is 7087 composite?
True
Is 5143 a prime number?
False
Is 14143 prime?
True
Is 2562907 a composite number?
False
Is 82171 a prime number?
True
Is 1851 a prime number?
False
Is 51845 a prime number?
False
Is 691 prime?
True
Is 519445 a composite number?
True
Is 42169 prime?
True
Is 161339 prime?
True
Is 707429 composite?
False
Is 44351 a composite number?
False
Is 27563 a composite number?
True
Is 71011 prime?
True
Is 74455 a prime number?
False
Is 4701 a composite number?
True
Is 676829 a prime number?
True
Is 17167 a composite number?
False
Is 158699 a prime number?
True
Is 1623 composite?
True
Is 18035 prime?
False
Is 2767 a composite number?
False
Is 2571 composite?
True
Is 61697 prime?
False
Is 8923 prime?
True
Is 265801 prime?
False
Is 52617 a prime number?
False
Is 32687 composite?
False
Is 13367 composite?
False
Is 112397 a composite number?
False
Is 100261 composite?
True
Is 115571 composite?
False
Is 36035 a composite number?
True
Is 5458 prime?
False
Is 61703 prime?
True
Is 1136339 a prime number?
True
Is 12347 a composite number?
False
Is 4143 a prime number?
False
Is 58099 composite?
False
Is 147521 prime?
False
Is 439273 a composite number?
False
Is 137894 a prime number?
False
Is 247217 composite?
True
Is 58105 composite?
True
Is 176081 a composite number?
False
Is 427811 composite?
True
Is 158059 a composite number?
True
Is 626927 prime?
False
Is 2447 a prime number?
True
Is 573247 a prime number?
True
Is 1177 prime?
False
Is 5981 composite?
False
Is 24257 prime?
False
Is 70039 composite?
False
Is 63997 prime?
True
Is 7349 composite?
False
Is 1272965 a composite number?
True
Is 1399 a prime number?
True
Is 343187 prime?
False
Is 12607 a composite number?
True
Is 321721 a composite number?
False
Is 141101 a prime number?
True
Is 585363 a composite number?
True
Is 436427 prime?
True
Is 1119449 a prime number?
True
Is 22309 prime?
False
Is 7603 composite?
False
Is 9091 composite?
False
Is 797 prime?
True
Is 11429 prime?
False
Is 3239 prime?
False
Is 769339 prime?
True
Is 14969 prime?
True
Is 157733 a composite number?
False
Is 621722 prime?
False
Is 25811 a composite number?
True
Is 36629 a prime number?
True
Is 11483 a prime number?
True
Is 1154207 a prime number?
True
Is 8777 a composite number?
True
Is 231521 a composite number?
True
Is 817679 a prime number?
True
Is 492707 composite?
False
Is 4534 a composite number?
True
Is 14809 a prime number?
False
Is 3049 a prime number?
True
Is 45743 a composite number?
True
Is 1759 prime?
True
Is 2284661 prime?
False
Is 2158139 a prime number?
True
Is 95857 a composite number?
False
Is 5519677 prime?
True
Is 5261 composite?
False
Is 1536569 a composite number?
True
Is 27059 composite?
False
Is 30599 a prime number?
False
Is 14447 prime?
True
Is 314693 prime?
True
Is 10499 composite?
False
Is 8765 composite?
True
Is 1433329 prime?
True
Is 2599 a composite number?
True
Is 29053 prime?
False
Is 5399 a composite number?
False
Is 105751 composite?
False
Is 382238 composite?
True
Is 28597 a prime number?
True
Is 418427 a composite number?
False
Is 269117 composite?
False
Is 25577 composite?
False
Is 291 a composite number?
True
Is 48457 prime?
False
Is 21941 composite?
True
Is 2153 composite?
False
Is 9871 a prime number?
True
Is 524463 a composite number?
True
Is 73417 a prime number?
True
Is 3747 prime?
False
Is 8849 a composite number?
False
Is 59834 prime?
False
Is 13861 composite?
True
Is 38741 a composite number?
True
Is 62126 a composite number?
True
Is 113353 prime?
False
Is 5167 prime?
True
Is 242197 a prime number?
True
Is 1218821 a prime number?
True
Is 42277 a composite number?
True
Is 243301 prime?
True
Is 394211 a prime number?
True
Is 21449 composite?
True
Is 9103 composite?
False
Is 520213 composite?
False
Is 1247135 composite?
True
Is 403483 a prime number?
True
Is 477669 a composite number?
True
Is 5337493 a prime number?
False
Is 100129 prime?
True
Is 106705 prime?
False
Is 10159 prime?
True
Is 1275865 composite?
True
Is 2767 a prime number?
True
Is 338093 a prime number?
False
Is 5707 a composite number?
True
Is 10831 composite?
False
Is 7229 a prime number?
True
Is 114713 composite?
False
Is 29653 prime?
False
Is 124337 composite?
False
Is 380657 a composite number?
False
Is 1801 prime?
True
Is 553043 composite?
False
Is 635 composite?
True
Is 1564307 a composite number?
False
Is 511507 composite?
False
Is 366637 a prime number?
False
Is 244087 prime?
True
Is 116114 composite?
True
Is 700919 a prime number?
True
Is 81595 prime?
False
Is 26929 composite?
True
Is 8637 prime?
False
Is 103693 prime?
False
Is 1608029 a composite number?
True
Is 2321 composite?
True
Is 134479 a composite number?
True
Is 122741 composite?
False
Is 6178 prime?
False
Is 867421 prime?
False
Is 50783 a prime number?
False
Is 193423 a prime number?
True
Is 4289 composite?
False
Is 220085 a prime number?
False
Is 134 a composite number?
True
Is 2479 a composite number?
True
Is 2411 a composite number?
False
Is 794347 prime?
False
Is 286435 prime?
False
Is 1439 composite?
False
Is 487 a prime number?
True
Is 52771 a composite number?
True
Is 3491 prime?
True
Is 5923 composite?
False
Is 58889 a prime number?
True
Is 1119 composite?
True
Is 416869 a composite number?
True
Is 55749 prime?
False
Is 48487 a composite number?
False
Is 6947 composite?
False
Is 54599 a composite number?
True
Is 1381 a prime number?
True
Is 8791 prime?
False
Is 114299 a prime number?
True
Is 697951 a composite number?
False
Is 5227 prime?
True
Is 1151 prime?
True
Is 1054199 prime?
True
Is 40771 composite?
False
Is 8081 prime?
True
Is 48394 prime?
False
Is 7607 prime?
True
Is 16099 composite?
True
Is 1781 prime?
False
Is 11467 a composite number?
False
Is 22691 prime?
True
Is 11327 a composite number?
True
Is 126605 composite?
True
Is 543243 a composite number?
True
Is 39017 a composite number?
True
Is 11657 composite?
False
Is 59441 prime?
True
Is 11597 prime?
True
Is 254573 a composite number?
True
Is 74233 prime?
False
Is 14359 composite?
True
Is 83071 a prime number?
True
Is 606629 composite?
True
Is 241763 a composite number?
True
Is 447019 a composite number?
False
Is 3